122112?
-22220201
In base 13, what is 16c5 - 30?
1695
In base 5, what is 14220124 + 3?
14220132
In base 16, what is -1e0 + 874?
694
In base 9, what is 3203 - 15?
3177
In base 2, what is -10110110 - 1010100?
-100001010
In base 16, what is -29 - 3fcc?
-3ff5
In base 14, what is 1 - -13205?
13206
In base 14, what is b021c - -4?
b0222
In base 3, what is 20012010 - -1022?
20020102
In base 12, what is 4 + -950?
-948
In base 6, what is 1 - -512411?
512412
In base 12, what is -2341 - 4?
-2345
In base 15, what is -5579 + -1a?
-5594
In base 8, what is 35745 - -15?
35762
In base 6, what is 52 + 20412?
20504
In base 11, what is 3 + -54a7?
-54a4
In base 4, what is 10313310 - 331?
10312313
In base 2, what is 101 + 110000101011110?
110000101100011
In base 13, what is -27c + -90?
-33c
In base 12, what is -2 - 567585?
-567587
In base 2, what is 110001011101101 + -1110?
110001011011111
In base 9, what is 4 + 431102?
431106
In base 4, what is -2023000123 - 10?
-2023000133
In base 10, what is 1595 + 3?
1598
In base 4, what is 211 + -1020033?
-1013222
In base 4, what is 11011310 + -11?
11011233
In base 4, what is 12 - 100230?
-100212
In base 7, what is 66 + -6?
60
In base 6, what is -5 + -140041?
-140050
In base 5, what is 0 + 33041312?
33041312
In base 10, what is -168 - 73?
-241
In base 6, what is -2 - 21452034?
-21452040
In base 2, what is 11000111110100011001 - -1?
11000111110100011010
In base 5, what is -10 - 123013?
-123023
In base 4, what is -1002331 + 1?
-1002330
In base 9, what is -42167 - 11?
-42178
In base 13, what is 79c9 + -3?
79c6
In base 10, what is -165 - 3?
-168
In base 7, what is 1134 + -1163?
-26
In base 15, what is 44dcb + a?
44dd6
In base 4, what is 320132 - -11131?
331323
In base 13, what is 68 - -27a2?
283a
In base 10, what is 10301 - 50?
10251
In base 5, what is -2 + -302133141?
-302133143
In base 3, what is -1021112000102 + 1?
-1021112000101
In base 2, what is 111 + 100110110010?
100110111001
In base 15, what is 3c + -695?
-658
In base 9, what is -32 + 3018?
2876
In base 12, what is 15256 + -5?
15251
In base 5, what is -311 + -33314?
-34130
In base 16, what is -fba - -5?
-fb5
In base 10, what is 8 - -57027?
57035
In base 15, what is -6873 + -21?
-6894
In base 15, what is 40 + -7e?
-3e
In base 9, what is -802 - -14?
-777
In base 4, what is 100300111 - 3?
100300102
In base 10, what is 3 + -165162?
-165159
In base 9, what is -13226 + -215?
-13442
In base 14, what is 1884 + -10?
1874
In base 15, what is -18064 + 2?
-18062
In base 4, what is 30102202 + -3?
30102133
In base 2, what is 101011011101011000010 + 101?
101011011101011000111
In base 8, what is 233734 - 5?
233727
In base 15, what is 6c + -a27?
-9aa
In base 7, what is -3231035 - -14?
-3231021
In base 3, what is -120012120 - -122?
-120011221
In base 4, what is 123201312 - -10?
123201322
In base 4, what is 1123 - 103210?
-102021
In base 9, what is 802 - -45?
847
In base 13, what is 38 + b61c?
b657
In base 16, what is 2 - 40c71?
-40c6f
In base 6, what is 54215 + -30?
54145
In base 4, what is 1101121311 + -2?
1101121303
In base 7, what is 2 - -525553?
525555
In base 4, what is 2203110020 + -10?
2203110010
In base 7, what is 25344 - -25?
25402
In base 10, what is -1784 + 28?
-1756
In base 16, what is 698a + 8?
6992
In base 5, what is 1004220 - 3?
1004212
In base 13, what is -145bb - 0?
-145bb
In base 3, what is 212 - -10210201122?
10210202111
In base 12, what is -ba7057 + 3?
-ba7054
In base 8, what is 60422 - 11?
60411
In base 8, what is 1244 + -22?
1222
In base 4, what is -311 + -1201012?
-1201323
In base 11, what is 874 - -571?
1335
In base 6, what is -2 - -112440?
112434
In base 5, what is 1 + -13244310?
-13244304
In base 2, what is 10111100010110001000 - -11?
10111100010110001011
In base 12, what is 121247 - 1?
121246
In base 2, what is 0 - -110100000000?
110100000000
In base 6, what is -11443230 + 0?
-11443230
In base 11, what is 218609 - 4?
218605
In base 3, what is -1 - 20112122?
-20112200
In base 10, what is -795 - 1051?
-1846
In base 3, what is 1201221012122 + 11?
1201221012210
In base 12, what is 9 + 33786?
33793
In base 14, what is -69719 - 2?
-6971b
In base 16, what is -65 - -975?
910
In base 11, what is -a8 - 4295?
-4392
In base 16, what is 37ac + aa?
3856
In base 5, what is -23 + -13324?
-13402
In base 11, what is -6 - -7388?
7382
In base 10, what is -4 + 25412?
25408
In base 7, what is 34646 - 14?
34632
In base 9, what is 13652 - -3?
13655
In base 9, what is -186 + -7843?
-8140
In base 12, what is 7b69 + 67?
8014
In base 16, what is -85fa4 + 0?
-85fa4
In base 10, what is -8 + -6999?
-7007
In base 4, what is 312 - 2302?
-1330
In base 8, what is 520 - 1422?
-702
In base 12, what is 2 + -1621?
-161b
In base 4, what is -122201121 + 211?
-122200310
In base 12, what is -5 + 44125?
44120
In base 2, what is -1100 + 101110100111100?
101110100110000
In base 12, what is 4 - -16285a?
162862
In base 4, what is -3 - 12332033?
-12332102
In base 3, what is -20120 - -1212102?
1121212
In base 14, what is -3 + 1d47?
1d44
In base 7, what is -2 - -110453?
110451
In base 6, what is -525 - 14301?
-15230
In base 15, what is 67 + -71a9?
-7142
In base 14, what is -2a09 - 3?
-2a0c
In base 10, what is 0 + -36764?
-36764
In base 6, what is -13 - -3432?
3415
In base 7, what is -3223 - 6?
-3232
In base 3, what is 100101 - -10220102?
11020210
In base 2, what is 10110111111110 - -1100?
10111000001010
In base 15, what is -17d3 - -3e?
-1794
In base 13, what is -3549 - 7b?
-35c7
In base 8, what is 2 + 513104?
513106
In base 4, what is 11 - -131303223?
131303300
In base 2, what is 0 - -110001111100110011?
110001111100110011
In base 7, what is -5 + 40056?
40051
In base 6, what is 130112 - -34?
130150
In base 6, what is 4 - 343035?
-343031
In base 8, what is 1125 - 3?
1122
In base 15, what is -179 + 1b3?
39
In base 7, what is -4 + -1414215?
-1414222
In base 16, what is 26f8d - 5?
26f88
In base 11, what is 4 + -4279?
-4275
In base 10, what is -12086 + -3?
-12089
In base 11, what is -290 + 26a8?
2418
In base 16, what is 5 - 1b4c1?
-1b4bc
In base 3, what is 11200112 - -1020?
11201202
In base 9, what is -10253518 - -2?
-10253516
In base 9, what is -3 + 377003?
377000
In base 14, what is -7 - -7a6a?
7a63
In base 5, what is -103302114 - -4?
-103302110
In base 5, what is -212131 - 34?
-212220
In base 15, what is -6 + -a3cb?
-a3d2
In base 16, what is e5a6 + -1?
e5a5
In base 9, what is -1585 - 5?
-1601
In base 9, what is 2124 + -121?
2003
In base 12, what is 350 - 19?
333
In base 12, what is -4b - -1784?
1735
In base 16, what is 40 - 5b7?
-577
In base 13, what is 20 - b78?
-b58
In base 8, what is 266 + 100?
366
In base 15, what is -32 - 290b?
-293d
In base 5, what is 10 - -122341044?
122341104
In base 12, what is 3 + -3586a?
-35867
In base 15, what is -18b9 - 6?
-18c0
In base 8, what is 61331 - 37?
61272
In base 16, what is 3 - 96e1?
-96de
In base 8, what is 1076 - 3670?
-2572
In base 14, what is -45 + 359?
314
In base 15, what is -251a - 2?
-251c
In base 9, what is 2130 + 10?
2140
In base 14, what is 4 - 25cdc?
-25cd8
In base 4, what is -1321 + -122?
-2103
In base 10, what is 5 - 274393?
-274388
In base 11, what is 583 - 557?
27
In base 7, what is -126123 - 5?
-126131
In base 3, what is 10100001 - 202?
10022022
In base 16, what is -9c5 + -53c?
-f01
In base 10, what is -62 - 18072?
-18134
In base 2, what is 10 + 110100011011101?
110100011011111
In base 5, what is -3 + 133112?
133104
In base 15, what is -30 + -e8?
-128
In base 2, what is 111011 - 1100110110111?
-1100101111100
In base 7, what is 0 + 5122303?
5122303
In base 6, what is -345141 - 22?
-345203
In base 15, what is -8 - 914ed?
-91506
In base 11, what is 571050 - 2?
571049
In base 8, what is 1 - 703623?
-703622
In base 8, what is -15623 + 160?
-15443
In base 8, what is 341 - 66?
253
In base 8, what is 7336 + -46?
7270
In base 15, what is 35 + 1c640?
1c675
In base 16, what is -3 + -81f6a?
-81f6d
In base 7, what is -33 - 5031?
-5064
In base 7, what is 2324 + 105?
2432
In base 6, what is -35021 - 123?
-35144
In base 5, what is 1102030112 + 10?
1102030122
In base 5, what is 220234 + 10?
220244
In base 8, what is -10251 - 32?
-10303
In base 8, what is 241 - 2446?
-2205
In base 4, what is 222203101 + 3?
222203110
In base 14, what is 1d - -119d?
11bc
In base 5, what is 